{"id":1545,"date":"2025-04-24T13:11:01","date_gmt":"2025-04-24T11:11:01","guid":{"rendered":"https:\/\/lebonpretextecaen.com\/?page_id=1545"},"modified":"2025-04-26T20:06:51","modified_gmt":"2025-04-26T18:06:51","slug":"bar","status":"publish","type":"page","link":"https:\/\/lebonpretextecaen.com\/index.php\/bar\/","title":{"rendered":""},"content":{"rendered":"\n<figure class=\"wp-block-image aligncenter size-large is-resized\"><a href=\"https:\/\/lebonpretextecaen.com\/\"><img loading=\"lazy\" decoding=\"async\" width=\"1020\" height=\"1024\" src=\"http:\/\/lebonpretextecaen.com\/wp-content\/uploads\/2024\/08\/cropped-0_LBP-LOGO-Bar-et-cave-a-bieres-a-Caen-Le-bon-pretexte-1-1020x1024.png\" alt=\"\" class=\"wp-image-1485\" style=\"width:292px;height:auto\" srcset=\"https:\/\/lebonpretextecaen.com\/wp-content\/uploads\/2024\/08\/cropped-0_LBP-LOGO-Bar-et-cave-a-bieres-a-Caen-Le-bon-pretexte-1-1020x1024.png 1020w, https:\/\/lebonpretextecaen.com\/wp-content\/uploads\/2024\/08\/cropped-0_LBP-LOGO-Bar-et-cave-a-bieres-a-Caen-Le-bon-pretexte-1-300x300.png 300w, https:\/\/lebonpretextecaen.com\/wp-content\/uploads\/2024\/08\/cropped-0_LBP-LOGO-Bar-et-cave-a-bieres-a-Caen-Le-bon-pretexte-1-150x150.png 150w, https:\/\/lebonpretextecaen.com\/wp-content\/uploads\/2024\/08\/cropped-0_LBP-LOGO-Bar-et-cave-a-bieres-a-Caen-Le-bon-pretexte-1-768x771.png 768w, https:\/\/lebonpretextecaen.com\/wp-content\/uploads\/2024\/08\/cropped-0_LBP-LOGO-Bar-et-cave-a-bieres-a-Caen-Le-bon-pretexte-1-1530x1536.png 1530w, https:\/\/lebonpretextecaen.com\/wp-content\/uploads\/2024\/08\/cropped-0_LBP-LOGO-Bar-et-cave-a-bieres-a-Caen-Le-bon-pretexte-1.png 1600w\" sizes=\"auto, (max-width: 1020px) 100vw, 1020px\" \/><\/a><\/figure>\n\n\n\n<h1 class=\"wp-block-heading has-text-align-center is-style-default has-text-color has-link-color has-body-font-family has-large-font-size wp-elements-d49f752a45a85b2d3900fce553fa51da\" style=\"color:#f67402;font-style:normal;font-weight:900\"><strong>Un Bar, avec de la bi\u00e8re normande dedans.<\/strong><\/h1>\n\n\n\n<figure class=\"wp-block-image alignfull size-full\"><img loading=\"lazy\" decoding=\"async\" width=\"2560\" height=\"1440\" src=\"https:\/\/lebonpretextecaen.com\/wp-content\/uploads\/2025\/04\/PXL_20250205_1542540962-copie-edited-scaled.jpg\" alt=\"\" class=\"wp-image-1554\" srcset=\"https:\/\/lebonpretextecaen.com\/wp-content\/uploads\/2025\/04\/PXL_20250205_1542540962-copie-edited-scaled.jpg 2560w, https:\/\/lebonpretextecaen.com\/wp-content\/uploads\/2025\/04\/PXL_20250205_1542540962-copie-edited-300x169.jpg 300w, https:\/\/lebonpretextecaen.com\/wp-content\/uploads\/2025\/04\/PXL_20250205_1542540962-copie-edited-1024x576.jpg 1024w, https:\/\/lebonpretextecaen.com\/wp-content\/uploads\/2025\/04\/PXL_20250205_1542540962-copie-edited-768x432.jpg 768w, https:\/\/lebonpretextecaen.com\/wp-content\/uploads\/2025\/04\/PXL_20250205_1542540962-copie-edited-1536x864.jpg 1536w, https:\/\/lebonpretextecaen.com\/wp-content\/uploads\/2025\/04\/PXL_20250205_1542540962-copie-edited-2048x1152.jpg 2048w\" sizes=\"auto, (max-width: 2560px) 100vw, 2560px\" \/><\/figure>\n\n\n\n<div class=\"wp-block-group alignfull has-background has-global-padding is-layout-constrained wp-container-core-group-is-layout-490fa1db wp-block-group-is-layout-constrained\" style=\"background-color:#f27107;padding-top:var(--wp--preset--spacing--50);padding-right:var(--wp--preset--spacing--50);padding-bottom:var(--wp--preset--spacing--50);padding-left:var(--wp--preset--spacing--50)\">\n<h1 class=\"wp-block-heading has-text-align-center has-text-color has-link-color has-body-font-family has-large-font-size wp-elements-6801da0a31762f59c18993fa690957ef\" style=\"color:#000000;font-style:normal;font-weight:900\">5 pressions normandes<\/h1>\n\n\n\n<p class=\"has-text-align-center has-base-2-color has-text-color has-link-color wp-elements-c471d81703bd6396bf623c64f7957a69\"><strong>Bienvenue au Bon Pr\u00e9texte, peut-\u00eatre ton nouveau QG \u00e0 Caen pour siroter une bonne mousse dans une ambiance conviviale, sans chichis.<\/strong><\/p>\n\n\n\n<p class=\"has-text-align-center has-base-2-color has-text-color has-link-color wp-elements-9729424d572c4aede82fd57aedb9ab94\"><strong>Ici, on est 100% normand dans les verres.<\/strong> Pas besoin d&rsquo;\u00eatre chauvin, pas besoin d&rsquo;aller loin. Et vu qu&rsquo;il y a du choix en <strong>Normandie<\/strong>, les pressions changent r\u00e9guli\u00e8rement (Tkt on a aussi du cidre, du vin et des softs).<\/p>\n\n\n\n<div class=\"wp-block-columns is-layout-flex wp-container-core-columns-is-layout-28f84493 wp-block-columns-is-layout-flex\">\n<div class=\"wp-block-column is-layout-flow wp-block-column-is-layout-flow\">\n<div class=\"wp-block-buttons is-content-justification-center is-layout-flex wp-container-core-buttons-is-layout-a89b3969 wp-block-buttons-is-layout-flex\">\n<div class=\"wp-block-button has-custom-width wp-block-button__width-50\"><a class=\"wp-block-button__link has-text-align-center wp-element-button\">LA CARTE<\/a><\/div>\n<\/div>\n<\/div>\n<\/div>\n\n\n\n<hr class=\"wp-block-separator has-alpha-channel-opacity\" style=\"margin-top:var(--wp--preset--spacing--20);margin-bottom:var(--wp--preset--spacing--20)\"\/>\n\n\n\n<h2 class=\"wp-block-heading has-text-align-center has-contrast-color has-text-color has-link-color has-body-font-family has-large-font-size wp-elements-947b10241ab03424c2a74d561eebbe0f\" style=\"font-style:normal;font-weight:900\">Ev\u00e8nements et jeux de soci\u00e9t\u00e9<\/h2>\n\n\n\n<p class=\"has-text-align-center\">\ud83c\udfb2 Des <strong>jeux<\/strong> sont dispos pour \u00e9gayer vos discussions houblonn\u00e9es.<\/p>\n\n\n\n<p class=\"has-text-align-center\">\ud83c\udfad Des <strong>\u00e9v\u00e9nements<\/strong> sont organis\u00e9s, parce qu&rsquo;<strong>on aime bien s&rsquo;amuser<\/strong> : concerts, blind tests, stand-up, soir\u00e9es Mario Kart, escape game, d\u00e9gustations&#8230;<\/p>\n\n\n\n<p class=\"has-text-align-center\">\ud83d\udcfa On diffuse le sport aussi, <strong>si \u00e7a se regarde avec une bi\u00e8re, \u00e7a se diffuse<\/strong>.<\/p>\n\n\n\n<p class=\"has-text-align-center\"><strong>Suis nous sur Insta pour ne rien rater !<\/strong><\/p>\n\n\n\n<ul class=\"wp-block-social-links aligncenter is-content-justification-center is-layout-flex wp-container-core-social-links-is-layout-a89b3969 wp-block-social-links-is-layout-flex\"><li class=\"wp-social-link wp-social-link-instagram  wp-block-social-link\"><a href=\"https:\/\/www.instagram.com\/lebonpretextecaen\" class=\"wp-block-social-link-anchor\"><svg width=\"24\" height=\"24\" viewBox=\"0 0 24 24\" version=\"1.1\" xmlns=\"http:\/\/www.w3.org\/2000\/svg\" aria-hidden=\"true\" focusable=\"false\"><path d=\"M12,4.622c2.403,0,2.688,0.009,3.637,0.052c0.877,0.04,1.354,0.187,1.671,0.31c0.42,0.163,0.72,0.358,1.035,0.673 c0.315,0.315,0.51,0.615,0.673,1.035c0.123,0.317,0.27,0.794,0.31,1.671c0.043,0.949,0.052,1.234,0.052,3.637 s-0.009,2.688-0.052,3.637c-0.04,0.877-0.187,1.354-0.31,1.671c-0.163,0.42-0.358,0.72-0.673,1.035 c-0.315,0.315-0.615,0.51-1.035,0.673c-0.317,0.123-0.794,0.27-1.671,0.31c-0.949,0.043-1.233,0.052-3.637,0.052 s-2.688-0.009-3.637-0.052c-0.877-0.04-1.354-0.187-1.671-0.31c-0.42-0.163-0.72-0.358-1.035-0.673 c-0.315-0.315-0.51-0.615-0.673-1.035c-0.123-0.317-0.27-0.794-0.31-1.671C4.631,14.688,4.622,14.403,4.622,12 s0.009-2.688,0.052-3.637c0.04-0.877,0.187-1.354,0.31-1.671c0.163-0.42,0.358-0.72,0.673-1.035 c0.315-0.315,0.615-0.51,1.035-0.673c0.317-0.123,0.794-0.27,1.671-0.31C9.312,4.631,9.597,4.622,12,4.622 M12,3 C9.556,3,9.249,3.01,8.289,3.054C7.331,3.098,6.677,3.25,6.105,3.472C5.513,3.702,5.011,4.01,4.511,4.511 c-0.5,0.5-0.808,1.002-1.038,1.594C3.25,6.677,3.098,7.331,3.054,8.289C3.01,9.249,3,9.556,3,12c0,2.444,0.01,2.751,0.054,3.711 c0.044,0.958,0.196,1.612,0.418,2.185c0.23,0.592,0.538,1.094,1.038,1.594c0.5,0.5,1.002,0.808,1.594,1.038 c0.572,0.222,1.227,0.375,2.185,0.418C9.249,20.99,9.556,21,12,21s2.751-0.01,3.711-0.054c0.958-0.044,1.612-0.196,2.185-0.418 c0.592-0.23,1.094-0.538,1.594-1.038c0.5-0.5,0.808-1.002,1.038-1.594c0.222-0.572,0.375-1.227,0.418-2.185 C20.99,14.751,21,14.444,21,12s-0.01-2.751-0.054-3.711c-0.044-0.958-0.196-1.612-0.418-2.185c-0.23-0.592-0.538-1.094-1.038-1.594 c-0.5-0.5-1.002-0.808-1.594-1.038c-0.572-0.222-1.227-0.375-2.185-0.418C14.751,3.01,14.444,3,12,3L12,3z M12,7.378 c-2.552,0-4.622,2.069-4.622,4.622S9.448,16.622,12,16.622s4.622-2.069,4.622-4.622S14.552,7.378,12,7.378z M12,15 c-1.657,0-3-1.343-3-3s1.343-3,3-3s3,1.343,3,3S13.657,15,12,15z M16.804,6.116c-0.596,0-1.08,0.484-1.08,1.08 s0.484,1.08,1.08,1.08c0.596,0,1.08-0.484,1.08-1.08S17.401,6.116,16.804,6.116z\"><\/path><\/svg><span class=\"wp-block-social-link-label screen-reader-text\">Instagram<\/span><\/a><\/li>\n\n<li class=\"wp-social-link wp-social-link-facebook  wp-block-social-link\"><a href=\"https:\/\/www.facebook.com\/p\/Le-Bon-Pr%C3%A9texte-Caen-61557383557214\/?locale=fr_FR\" class=\"wp-block-social-link-anchor\"><svg width=\"24\" height=\"24\" viewBox=\"0 0 24 24\" version=\"1.1\" xmlns=\"http:\/\/www.w3.org\/2000\/svg\" aria-hidden=\"true\" focusable=\"false\"><path d=\"M12 2C6.5 2 2 6.5 2 12c0 5 3.7 9.1 8.4 9.9v-7H7.9V12h2.5V9.8c0-2.5 1.5-3.9 3.8-3.9 1.1 0 2.2.2 2.2.2v2.5h-1.3c-1.2 0-1.6.8-1.6 1.6V12h2.8l-.4 2.9h-2.3v7C18.3 21.1 22 17 22 12c0-5.5-4.5-10-10-10z\"><\/path><\/svg><span class=\"wp-block-social-link-label screen-reader-text\">Facebook<\/span><\/a><\/li><\/ul>\n<\/div>\n\n\n\n<hr class=\"wp-block-separator has-text-color has-base-2-color has-alpha-channel-opacity has-base-2-background-color has-background is-style-default\"\/>\n\n\n\n<p class=\"has-text-align-center has-small-font-size\">\ud83d\udd1e <em>La vente d&rsquo;alcool est interdite aux mineurs<\/em>. <em>L&rsquo;abus d&rsquo;alcool est dangereux pour la sant\u00e9, \u00e0 consommer avec mod\u00e9ration.<\/em><\/p>\n\n\n\n<hr class=\"wp-block-separator has-text-color has-base-2-color has-alpha-channel-opacity has-base-2-background-color has-background\"\/>\n\n\n\n<div class=\"wp-block-columns is-layout-flex wp-container-core-columns-is-layout-28f84493 wp-block-columns-is-layout-flex\">\n<div class=\"wp-block-column is-layout-flow wp-block-column-is-layout-flow\">\n<p><\/p>\n\n\n\n<p class=\"has-text-align-center\">\ud83d\udd56&nbsp;<strong>NOS HORAIRES<\/strong><\/p>\n\n\n\n<p class=\"has-text-align-center\">Mardi au jeudi : 17h\/01h<\/p>\n\n\n\n<p class=\"has-text-align-center\">Vendredi : 16h30\/01h<\/p>\n\n\n\n<p class=\"has-text-align-center\">Samedi : 15h\/01h<\/p>\n<\/div>\n\n\n\n<div class=\"wp-block-column is-layout-flow wp-block-column-is-layout-flow\">\n<p><\/p>\n\n\n\n<p class=\"has-text-align-center\">\ud83d\udc4b&nbsp;<strong>NOUS CONTACTER :<\/strong><\/p>\n\n\n\n<p class=\"has-text-align-center\">\ud83d\udc8c contact@lebonpretextecaen.com<\/p>\n\n\n\n<p class=\"has-text-align-center\">\ud83d\udcec 33, rue du Havre, 14000 CAEN<\/p>\n\n\n\n<ul class=\"wp-block-social-links aligncenter is-content-justification-center is-layout-flex wp-container-core-social-links-is-layout-a89b3969 wp-block-social-links-is-layout-flex\"><li class=\"wp-social-link wp-social-link-instagram  wp-block-social-link\"><a href=\"https:\/\/www.instagram.com\/lebonpretextecaen\/\" class=\"wp-block-social-link-anchor\"><svg width=\"24\" height=\"24\" viewBox=\"0 0 24 24\" version=\"1.1\" xmlns=\"http:\/\/www.w3.org\/2000\/svg\" aria-hidden=\"true\" focusable=\"false\"><path d=\"M12,4.622c2.403,0,2.688,0.009,3.637,0.052c0.877,0.04,1.354,0.187,1.671,0.31c0.42,0.163,0.72,0.358,1.035,0.673 c0.315,0.315,0.51,0.615,0.673,1.035c0.123,0.317,0.27,0.794,0.31,1.671c0.043,0.949,0.052,1.234,0.052,3.637 s-0.009,2.688-0.052,3.637c-0.04,0.877-0.187,1.354-0.31,1.671c-0.163,0.42-0.358,0.72-0.673,1.035 c-0.315,0.315-0.615,0.51-1.035,0.673c-0.317,0.123-0.794,0.27-1.671,0.31c-0.949,0.043-1.233,0.052-3.637,0.052 s-2.688-0.009-3.637-0.052c-0.877-0.04-1.354-0.187-1.671-0.31c-0.42-0.163-0.72-0.358-1.035-0.673 c-0.315-0.315-0.51-0.615-0.673-1.035c-0.123-0.317-0.27-0.794-0.31-1.671C4.631,14.688,4.622,14.403,4.622,12 s0.009-2.688,0.052-3.637c0.04-0.877,0.187-1.354,0.31-1.671c0.163-0.42,0.358-0.72,0.673-1.035 c0.315-0.315,0.615-0.51,1.035-0.673c0.317-0.123,0.794-0.27,1.671-0.31C9.312,4.631,9.597,4.622,12,4.622 M12,3 C9.556,3,9.249,3.01,8.289,3.054C7.331,3.098,6.677,3.25,6.105,3.472C5.513,3.702,5.011,4.01,4.511,4.511 c-0.5,0.5-0.808,1.002-1.038,1.594C3.25,6.677,3.098,7.331,3.054,8.289C3.01,9.249,3,9.556,3,12c0,2.444,0.01,2.751,0.054,3.711 c0.044,0.958,0.196,1.612,0.418,2.185c0.23,0.592,0.538,1.094,1.038,1.594c0.5,0.5,1.002,0.808,1.594,1.038 c0.572,0.222,1.227,0.375,2.185,0.418C9.249,20.99,9.556,21,12,21s2.751-0.01,3.711-0.054c0.958-0.044,1.612-0.196,2.185-0.418 c0.592-0.23,1.094-0.538,1.594-1.038c0.5-0.5,0.808-1.002,1.038-1.594c0.222-0.572,0.375-1.227,0.418-2.185 C20.99,14.751,21,14.444,21,12s-0.01-2.751-0.054-3.711c-0.044-0.958-0.196-1.612-0.418-2.185c-0.23-0.592-0.538-1.094-1.038-1.594 c-0.5-0.5-1.002-0.808-1.594-1.038c-0.572-0.222-1.227-0.375-2.185-0.418C14.751,3.01,14.444,3,12,3L12,3z M12,7.378 c-2.552,0-4.622,2.069-4.622,4.622S9.448,16.622,12,16.622s4.622-2.069,4.622-4.622S14.552,7.378,12,7.378z M12,15 c-1.657,0-3-1.343-3-3s1.343-3,3-3s3,1.343,3,3S13.657,15,12,15z M16.804,6.116c-0.596,0-1.08,0.484-1.08,1.08 s0.484,1.08,1.08,1.08c0.596,0,1.08-0.484,1.08-1.08S17.401,6.116,16.804,6.116z\"><\/path><\/svg><span class=\"wp-block-social-link-label screen-reader-text\">Instagram<\/span><\/a><\/li>\n\n<li class=\"wp-social-link wp-social-link-facebook  wp-block-social-link\"><a href=\"https:\/\/www.facebook.com\/p\/Le-Bon-Pr%C3%A9texte-Caen-61557383557214\/?locale=fr_FR\" class=\"wp-block-social-link-anchor\"><svg width=\"24\" height=\"24\" viewBox=\"0 0 24 24\" version=\"1.1\" xmlns=\"http:\/\/www.w3.org\/2000\/svg\" aria-hidden=\"true\" focusable=\"false\"><path d=\"M12 2C6.5 2 2 6.5 2 12c0 5 3.7 9.1 8.4 9.9v-7H7.9V12h2.5V9.8c0-2.5 1.5-3.9 3.8-3.9 1.1 0 2.2.2 2.2.2v2.5h-1.3c-1.2 0-1.6.8-1.6 1.6V12h2.8l-.4 2.9h-2.3v7C18.3 21.1 22 17 22 12c0-5.5-4.5-10-10-10z\"><\/path><\/svg><span class=\"wp-block-social-link-label screen-reader-text\">Facebook<\/span><\/a><\/li><\/ul>\n<\/div>\n<\/div>\n\n\n\n<div class=\"wp-block-columns is-layout-flex wp-container-core-columns-is-layout-28f84493 wp-block-columns-is-layout-flex\">\n<div class=\"wp-block-column is-vertically-aligned-center is-layout-flow wp-block-column-is-layout-flow\"><\/div>\n\n\n\n<div class=\"wp-block-column is-layout-flow wp-block-column-is-layout-flow\"><\/div>\n<\/div>\n\n\n\n<hr class=\"wp-block-separator has-text-color has-base-2-color has-alpha-channel-opacity has-base-2-background-color has-background\"\/>\n\n\n\n<p class=\"has-text-align-center has-small-font-size\"><a href=\"https:\/\/lebonpretextecaen.com\/\">Accueil<\/a> &#8211; <a href=\"https:\/\/lebonpretextecaen.com\/index.php\/bar\/\">Le Bar<\/a> &#8211; <a href=\"https:\/\/lebonpretextecaen.com\/index.php\/cave\/\">La cave \u00e0 Bi\u00e8res<\/a> &#8211; <a href=\"https:\/\/lebonpretextecaen.com\/index.php\/contact\/\">Contact<\/a> &#8211; <a href=\"https:\/\/lebonpretextecaen.com\/index.php\/mentions-legales\/\">Mention l\u00e9gales<\/a> <\/p>\n","protected":false},"excerpt":{"rendered":"<p>Un Bar, avec de la bi\u00e8re normande dedans. 5 pressions normandes Bienvenue au Bon Pr\u00e9texte, peut-\u00eatre ton nouveau QG \u00e0 Caen pour siroter une bonne mousse dans une ambiance conviviale, sans chichis. Ici, on est 100% normand dans les verres. Pas besoin d&rsquo;\u00eatre chauvin, pas besoin d&rsquo;aller loin. Et vu qu&rsquo;il y a du choix [&hellip;]<\/p>\n","protected":false},"author":1,"featured_media":0,"parent":0,"menu_order":0,"comment_status":"closed","ping_status":"closed","template":"","meta":{"footnotes":""},"class_list":["post-1545","page","type-page","status-publish","hentry"],"jetpack_sharing_enabled":true,"_links":{"self":[{"href":"https:\/\/lebonpretextecaen.com\/index.php\/wp-json\/wp\/v2\/pages\/1545","targetHints":{"allow":["GET"]}}],"collection":[{"href":"https:\/\/lebonpretextecaen.com\/index.php\/wp-json\/wp\/v2\/pages"}],"about":[{"href":"https:\/\/lebonpretextecaen.com\/index.php\/wp-json\/wp\/v2\/types\/page"}],"author":[{"embeddable":true,"href":"https:\/\/lebonpretextecaen.com\/index.php\/wp-json\/wp\/v2\/users\/1"}],"replies":[{"embeddable":true,"href":"https:\/\/lebonpretextecaen.com\/index.php\/wp-json\/wp\/v2\/comments?post=1545"}],"version-history":[{"count":32,"href":"https:\/\/lebonpretextecaen.com\/index.php\/wp-json\/wp\/v2\/pages\/1545\/revisions"}],"predecessor-version":[{"id":1649,"href":"https:\/\/lebonpretextecaen.com\/index.php\/wp-json\/wp\/v2\/pages\/1545\/revisions\/1649"}],"wp:attachment":[{"href":"https:\/\/lebonpretextecaen.com\/index.php\/wp-json\/wp\/v2\/media?parent=1545"}],"curies":[{"name":"wp","href":"https:\/\/api.w.org\/{rel}","templated":true}]}}